{"id":32,"date":"2025-12-09T11:47:17","date_gmt":"2025-12-09T11:47:17","guid":{"rendered":"https:\/\/portal.languagevip.net\/?page_id=32"},"modified":"2025-12-16T18:25:50","modified_gmt":"2025-12-16T18:25:50","slug":"formacao","status":"publish","type":"page","link":"https:\/\/portal.languagevip.net\/?page_id=32","title":{"rendered":"FORMA\u00c7\u00c3O"},"content":{"rendered":"\n<p><strong><mark style=\"background-color:rgba(0, 0, 0, 0)\" class=\"has-inline-color has-luminous-vivid-orange-color\">L\u00cdNGUAS EUROPEIAS<\/mark> INGL\u00caS | ESPANHOL | FRANC\u00caS | ALEM\u00c3O | ITALIANO<\/strong><\/p>\n\n\n\n<p>PORTUGU\u00caS para estrangeiros<\/p>\n\n\n\n<p><strong><mark style=\"background-color:rgba(0, 0, 0, 0)\" class=\"has-inline-color has-luminous-vivid-orange-color\">OUTRAS L\u00cdNGUAS<\/mark> CHIN\u00caS | RUSSO<\/strong><\/p>\n\n\n\n<p><strong>CONSULTE-NOS PARA CURSOS ESPECIALIZADOS<\/strong><\/p>\n\n\n\n<p>&nbsp; &nbsp; &nbsp; &gt; CURSOS DE L\u00cdNGUAS PARA NEG\u00d3CIOS<\/p>\n\n\n\n<p>&nbsp; &nbsp; &nbsp; &gt; CURSOS PARA HISPANO-FALANTES<\/p>\n\n\n\n<p>&nbsp; &nbsp; &nbsp; &gt; CURSOS DE L\u00cdNGUAS PARA TURISMO, HOTELARIA E RESTAURA\u00c7\u00c3O<\/p>\n\n\n\n<p>&nbsp; &nbsp; &nbsp; &gt; PORTUGU\u00caS DE SOBREVIV\u00caNCIA (em hot\u00e9is)<\/p>\n\n\n\n<p>&nbsp; &nbsp; &nbsp; &gt; APRESENTA\u00c7\u00d5ES PARA CONFER\u00caNCIAS<\/p>\n\n\n\n<p>&nbsp; &nbsp; &nbsp; &gt; EXPRESS\u00c3O DRAM\u00c1TICA<\/p>\n\n\n\n<p>&nbsp; &nbsp; &nbsp; &gt; ESCRITA CRIATIVA<\/p>\n\n\n\n<p><strong>40% das empresas reconhecem que a gest\u00e3o de talento tem impacto na produtividade e efici\u00eancia.<\/strong><\/p>\n\n\n\n<p><strong>87% das empresas portuguesas n\u00e3o conseguem reter colaboradores-chave.<\/strong><\/p>\n\n\n\n<p><strong>Um colaborador talentoso influencia a taxa de sucesso da sua empresa, e gostar\u00e1 de saber que n\u00e3o \u00e9 considerado um mero n\u00famero, mas sim uma pessoa. <\/strong><\/p>\n\n\n\n<p>Fonte:<strong> \u00danica\/Expresso<\/strong><\/p>\n","protected":false},"excerpt":{"rendered":"<p>L\u00cdNGUAS EUROPEIAS INGL\u00caS | ESPANHOL | FRANC\u00caS | ALEM\u00c3O | ITALIANO PORTUGU\u00caS para estrangeiros OUTRAS L\u00cdNGUAS CHIN\u00caS | RUSSO CONSULTE-NOS PARA CURSOS ESPECIALIZADOS &nbsp; &nbsp; &nbsp; &gt; CURSOS DE L\u00cdNGUAS PARA NEG\u00d3CIOS &nbsp; &nbsp; &nbsp; &gt; CURSOS PARA HISPANO-FALANTES &nbsp; &nbsp; &nbsp; &gt; CURSOS DE L\u00cdNGUAS PARA TURISMO, HOTELARIA E RESTAURA\u00c7\u00c3O &nbsp; &nbsp; &nbsp; &gt; [&hellip;]<\/p>\n","protected":false},"author":1,"featured_media":0,"parent":0,"menu_order":0,"comment_status":"closed","ping_status":"closed","template":"template\/template-about.php","meta":{"footnotes":""},"class_list":["post-32","page","type-page","status-publish","hentry"],"yoast_head":"<!-- This site is optimized with the Yoast SEO plugin v26.9 - https:\/\/yoast.com\/product\/yoast-seo-wordpress\/ -->\n<title>FORMA\u00c7\u00c3O - LanguageVIP - TRAINING &amp; TRANSLATING<\/title>\n<meta name=\"robots\" content=\"index, follow, max-snippet:-1, max-image-preview:large, max-video-preview:-1\" \/>\n<link rel=\"canonical\" href=\"https:\/\/portal.languagevip.net\/?page_id=32\" \/>\n<meta property=\"og:locale\" content=\"pt_PT\" \/>\n<meta property=\"og:type\" content=\"article\" \/>\n<meta property=\"og:title\" content=\"FORMA\u00c7\u00c3O - LanguageVIP - TRAINING &amp; TRANSLATING\" \/>\n<meta property=\"og:description\" content=\"L\u00cdNGUAS EUROPEIAS INGL\u00caS | ESPANHOL | FRANC\u00caS | ALEM\u00c3O | ITALIANO PORTUGU\u00caS para estrangeiros OUTRAS L\u00cdNGUAS CHIN\u00caS | RUSSO CONSULTE-NOS PARA CURSOS ESPECIALIZADOS &nbsp; &nbsp; &nbsp; &gt; CURSOS DE L\u00cdNGUAS PARA NEG\u00d3CIOS &nbsp; &nbsp; &nbsp; &gt; CURSOS PARA HISPANO-FALANTES &nbsp; &nbsp; &nbsp; &gt; CURSOS DE L\u00cdNGUAS PARA TURISMO, HOTELARIA E RESTAURA\u00c7\u00c3O &nbsp; &nbsp; &nbsp; &gt; [&hellip;]\" \/>\n<meta property=\"og:url\" content=\"https:\/\/portal.languagevip.net\/?page_id=32\" \/>\n<meta property=\"og:site_name\" content=\"LanguageVIP - TRAINING &amp; TRANSLATING\" \/>\n<meta property=\"article:modified_time\" content=\"2025-12-16T18:25:50+00:00\" \/>\n<meta name=\"twitter:card\" content=\"summary_large_image\" \/>\n<meta name=\"twitter:label1\" content=\"Tempo estimado de leitura\" \/>\n\t<meta name=\"twitter:data1\" content=\"1 minuto\" \/>\n<script type=\"application\/ld+json\" class=\"yoast-schema-graph\">{\"@context\":\"https:\/\/schema.org\",\"@graph\":[{\"@type\":\"WebPage\",\"@id\":\"https:\/\/portal.languagevip.net\/?page_id=32\",\"url\":\"https:\/\/portal.languagevip.net\/?page_id=32\",\"name\":\"FORMA\u00c7\u00c3O - LanguageVIP - TRAINING &amp; TRANSLATING\",\"isPartOf\":{\"@id\":\"https:\/\/portal.languagevip.net\/#website\"},\"datePublished\":\"2025-12-09T11:47:17+00:00\",\"dateModified\":\"2025-12-16T18:25:50+00:00\",\"breadcrumb\":{\"@id\":\"https:\/\/portal.languagevip.net\/?page_id=32#breadcrumb\"},\"inLanguage\":\"pt-PT\",\"potentialAction\":[{\"@type\":\"ReadAction\",\"target\":[\"https:\/\/portal.languagevip.net\/?page_id=32\"]}]},{\"@type\":\"BreadcrumbList\",\"@id\":\"https:\/\/portal.languagevip.net\/?page_id=32#breadcrumb\",\"itemListElement\":[{\"@type\":\"ListItem\",\"position\":1,\"name\":\"Home\",\"item\":\"https:\/\/portal.languagevip.net\/\"},{\"@type\":\"ListItem\",\"position\":2,\"name\":\"FORMA\u00c7\u00c3O\"}]},{\"@type\":\"WebSite\",\"@id\":\"https:\/\/portal.languagevip.net\/#website\",\"url\":\"https:\/\/portal.languagevip.net\/\",\"name\":\"LanguageVIP - TRAINING &amp; TRANSLATING\",\"description\":\"&quot;A l\u00edngua\u2026 \u00e9 uma ponte  que te permite atravessar  com seguran\u00e7a de um lugar  para o outro.&quot;\",\"potentialAction\":[{\"@type\":\"SearchAction\",\"target\":{\"@type\":\"EntryPoint\",\"urlTemplate\":\"https:\/\/portal.languagevip.net\/?s={search_term_string}\"},\"query-input\":{\"@type\":\"PropertyValueSpecification\",\"valueRequired\":true,\"valueName\":\"search_term_string\"}}],\"inLanguage\":\"pt-PT\"}]}<\/script>\n<!-- \/ Yoast SEO plugin. -->","yoast_head_json":{"title":"FORMA\u00c7\u00c3O - LanguageVIP - TRAINING &amp; TRANSLATING","robots":{"index":"index","follow":"follow","max-snippet":"max-snippet:-1","max-image-preview":"max-image-preview:large","max-video-preview":"max-video-preview:-1"},"canonical":"https:\/\/portal.languagevip.net\/?page_id=32","og_locale":"pt_PT","og_type":"article","og_title":"FORMA\u00c7\u00c3O - LanguageVIP - TRAINING &amp; TRANSLATING","og_description":"L\u00cdNGUAS EUROPEIAS INGL\u00caS | ESPANHOL | FRANC\u00caS | ALEM\u00c3O | ITALIANO PORTUGU\u00caS para estrangeiros OUTRAS L\u00cdNGUAS CHIN\u00caS | RUSSO CONSULTE-NOS PARA CURSOS ESPECIALIZADOS &nbsp; &nbsp; &nbsp; &gt; CURSOS DE L\u00cdNGUAS PARA NEG\u00d3CIOS &nbsp; &nbsp; &nbsp; &gt; CURSOS PARA HISPANO-FALANTES &nbsp; &nbsp; &nbsp; &gt; CURSOS DE L\u00cdNGUAS PARA TURISMO, HOTELARIA E RESTAURA\u00c7\u00c3O &nbsp; &nbsp; &nbsp; &gt; [&hellip;]","og_url":"https:\/\/portal.languagevip.net\/?page_id=32","og_site_name":"LanguageVIP - TRAINING &amp; TRANSLATING","article_modified_time":"2025-12-16T18:25:50+00:00","twitter_card":"summary_large_image","twitter_misc":{"Tempo estimado de leitura":"1 minuto"},"schema":{"@context":"https:\/\/schema.org","@graph":[{"@type":"WebPage","@id":"https:\/\/portal.languagevip.net\/?page_id=32","url":"https:\/\/portal.languagevip.net\/?page_id=32","name":"FORMA\u00c7\u00c3O - LanguageVIP - TRAINING &amp; TRANSLATING","isPartOf":{"@id":"https:\/\/portal.languagevip.net\/#website"},"datePublished":"2025-12-09T11:47:17+00:00","dateModified":"2025-12-16T18:25:50+00:00","breadcrumb":{"@id":"https:\/\/portal.languagevip.net\/?page_id=32#breadcrumb"},"inLanguage":"pt-PT","potentialAction":[{"@type":"ReadAction","target":["https:\/\/portal.languagevip.net\/?page_id=32"]}]},{"@type":"BreadcrumbList","@id":"https:\/\/portal.languagevip.net\/?page_id=32#breadcrumb","itemListElement":[{"@type":"ListItem","position":1,"name":"Home","item":"https:\/\/portal.languagevip.net\/"},{"@type":"ListItem","position":2,"name":"FORMA\u00c7\u00c3O"}]},{"@type":"WebSite","@id":"https:\/\/portal.languagevip.net\/#website","url":"https:\/\/portal.languagevip.net\/","name":"LanguageVIP - TRAINING &amp; TRANSLATING","description":"&quot;A l\u00edngua\u2026 \u00e9 uma ponte  que te permite atravessar  com seguran\u00e7a de um lugar  para o outro.&quot;","potentialAction":[{"@type":"SearchAction","target":{"@type":"EntryPoint","urlTemplate":"https:\/\/portal.languagevip.net\/?s={search_term_string}"},"query-input":{"@type":"PropertyValueSpecification","valueRequired":true,"valueName":"search_term_string"}}],"inLanguage":"pt-PT"}]}},"_links":{"self":[{"href":"https:\/\/portal.languagevip.net\/index.php?rest_route=\/wp\/v2\/pages\/32","targetHints":{"allow":["GET"]}}],"collection":[{"href":"https:\/\/portal.languagevip.net\/index.php?rest_route=\/wp\/v2\/pages"}],"about":[{"href":"https:\/\/portal.languagevip.net\/index.php?rest_route=\/wp\/v2\/types\/page"}],"author":[{"embeddable":true,"href":"https:\/\/portal.languagevip.net\/index.php?rest_route=\/wp\/v2\/users\/1"}],"replies":[{"embeddable":true,"href":"https:\/\/portal.languagevip.net\/index.php?rest_route=%2Fwp%2Fv2%2Fcomments&post=32"}],"version-history":[{"count":4,"href":"https:\/\/portal.languagevip.net\/index.php?rest_route=\/wp\/v2\/pages\/32\/revisions"}],"predecessor-version":[{"id":99,"href":"https:\/\/portal.languagevip.net\/index.php?rest_route=\/wp\/v2\/pages\/32\/revisions\/99"}],"wp:attachment":[{"href":"https:\/\/portal.languagevip.net\/index.php?rest_route=%2Fwp%2Fv2%2Fmedia&parent=32"}],"curies":[{"name":"wp","href":"https:\/\/api.w.org\/{rel}","templated":true}]}}